754095?
15
What is the highest common factor of 1156 and 2516?
68
Calculate the greatest common factor of 46 and 33557.
23
What is the greatest common divisor of 2 and 1015657?
1
Calculate the greatest common divisor of 407 and 413677.
11
What is the highest common factor of 148332 and 263?
263
Calculate the highest common factor of 383130 and 4290.
330
What is the highest common factor of 18 and 2686302?
18
Calculate the highest common factor of 198144 and 48.
48
What is the highest common factor of 20 and 482510?
10
What is the highest common divisor of 4352 and 14816?
32
What is the highest common divisor of 22 and 154451?
11
What is the highest common factor of 216 and 231741?
27
Calculate the greatest common factor of 45758 and 1336.
334
Calculate the greatest common factor of 3 and 67699.
1
Calculate the greatest common divisor of 2607781 and 66.
11
Calculate the greatest common factor of 200 and 44920.
40
Calculate the highest common factor of 27311 and 248.
31
What is the highest common divisor of 731 and 170?
17
Calculate the highest common divisor of 12 and 842688.
12
Calculate the highest common divisor of 29511 and 27.
27
What is the greatest common factor of 390835 and 20?
5
Calculate the highest common divisor of 95326 and 308.
154
What is the greatest common divisor of 2329 and 1411?
17
Calculate the greatest common factor of 716 and 607526.
358
Calculate the highest common factor of 141198 and 1818.
606
What is the greatest common factor of 532 and 30913?
19
Calculate the highest common factor of 23193 and 243.
27
Calculate the highest common divisor of 911 and 1965027.
911
What is the greatest common divisor of 132014 and 10132?
298
What is the greatest common factor of 94 and 9071?
47
What is the highest common divisor of 417 and 678?
3
Calculate the greatest common factor of 6618 and 14.
2
What is the highest common divisor of 21 and 6447?
21
Calculate the greatest common factor of 50199 and 1334.
29
Calculate the highest common divisor of 24 and 340140.
12
Calculate the highest common divisor of 8692 and 33337.
53
What is the highest common factor of 3330 and 672930?
90
What is the highest common divisor of 819130 and 260?
130
What is the greatest common factor of 705 and 4116965?
235
What is the greatest common factor of 480122 and 670?
134
What is the highest common divisor of 814 and 14388?
22
What is the greatest common divisor of 5676 and 1326?
6
Calculate the highest common divisor of 100 and 93650.
50
What is the highest common factor of 95 and 137405?
5
Calculate the highest common divisor of 5000 and 419000.
1000
What is the greatest common factor of 404881 and 469?
67
Calculate the greatest common factor of 29745 and 10.
5
Calculate the greatest common divisor of 646 and 6562.
34
Calculate the highest common divisor of 624 and 30108.
156
What is the greatest common divisor of 323 and 4959?
19
What is the greatest common factor of 1419 and 6278?
43
Calculate the greatest common divisor of 2312 and 360.
8
Calculate the greatest common factor of 2456 and 14429.
307
What is the highest common factor of 33737 and 121?
11
Calculate the greatest common divisor of 12835 and 765.
85
What is the highest common factor of 473 and 10793?
43
What is the greatest common factor of 86 and 22618?
86
Calculate the greatest common factor of 8193 and 6.
3
Calculate the greatest common factor of 54439 and 11.
11
What is the highest common divisor of 10792 and 7448?
152
What is the greatest common divisor of 1177 and 33?
11
Calculate the highest common divisor of 3760 and 100960.
80
What is the highest common factor of 392 and 317520?
392
Calculate the highest common factor of 26 and 117585.
13
Calculate the greatest common factor of 480 and 65580.
60
Calculate the highest common divisor of 798 and 125538.
42
What is the highest common divisor of 840 and 13230?
210
Calculate the highest common divisor of 584 and 89.
1
What is the greatest common divisor of 332 and 113876?
332
Calculate the greatest common factor of 5 and 160.
5
What is the greatest common factor of 255 and 206595?
15
Calculate the greatest common divisor of 938 and 15008.
938
Calculate the greatest common divisor of 2296215 and 27.
27
What is the greatest common divisor of 36456 and 37200?
744
What is the highest common factor of 3731 and 806?
13
Calculate the highest common divisor of 3 and 3390.
3
Calculate the greatest common factor of 252 and 896004.
36
What is the greatest common factor of 4888533 and 2307?
2307
Calculate the highest common divisor of 53823 and 429.
33
What is the highest common factor of 33385 and 6820?
55
Calculate the greatest common factor of 4161 and 38.
19
What is the highest common factor of 211176 and 5922?
126
Calculate the highest common factor of 874782 and 3.
3
Calculate the greatest common factor of 37304 and 8.
8
Calculate the highest common divisor of 84 and 512764.
28
What is the greatest common factor of 773971 and 639?
71
Calculate the greatest common divisor of 8 and 4226760.
8
What is the greatest common divisor of 52669 and 2108?
31
Calculate the greatest common factor of 199423 and 434.
217
What is the greatest common factor of 31552 and 79373?
493
Calculate the greatest common divisor of 100788 and 296.
148
What is the greatest common divisor of 5661 and 185?
37
Calculate the greatest common factor of 25909 and 91.
13
Calculate the greatest common divisor of 660655 and 355.
355
Calculate the highest common divisor of 1018715 and 365.
365
Calculate the greatest common divisor of 88 and 15520.
8
What is the greatest common factor of 360876 and 7424?
116
What is the highest common divisor of 491148 and 140?
28
What is the highest common factor of 189274 and 101?
101
Calculate the greatest common factor of 50 and 377770.
10
Calculate the greatest common divisor of 11 and 83413.
11
What is the greatest common divisor of 281600 and 960?
320
Calculate the highest common factor of 1791521 and 62.
31
Calculate the greatest common factor of 18 and 1264851.
9
Calculate the highest common divisor of 112488 and 3999.
129
Calculate the highest common divisor of 213500 and 200.
100
Calculate the highest common factor of 13909 and 245.
7
What is the greatest common divisor of 473 and 34122?
11
What is the greatest common factor of 155967 and 588?
147
What is the greatest common divisor of 260499 and 1223?
1223
Calculate the highest common factor of 9593 and 4887.
181
What is the highest common divisor of 22 and 41822?
22
What is the greatest common factor of 106959 and 303?
303
What is the highest common factor of 38157 and 276?
69
Calculate the highest common factor of 17694 and 126.
18
What is the highest common factor of 5 and 1922405?
5
Calculate the highest common divisor of 12 and 10308.
12
What is the highest common divisor of 208 and 4472?
104
What is the greatest common divisor of 12971 and 952?
119
Calculate the highest common divisor of 5709 and 2076.
519
Calculate the highest common divisor of 403422 and 639.
213
What is the highest common factor of 913 and 13519?
11
Calculate the greatest common divisor of 66 and 603922.
22
What is the highest common divisor of 1065389 and 39?
13
Calculate the highest common divisor of 130 and 1385.
5
What is the highest common factor of 2778 and 6?
6
What is the greatest common divisor of 891 and 15228?
81
What is the highest common divisor of 191569 and 49?
7
What is the highest common divisor of 2220 and 7980?
60
What is the highest common divisor of 1912033 and 2174?
1087
What is the highest common divisor of 52 and 29692?
52
Calculate the highest common factor of 2659180 and 310.
310
What is the highest common factor of 16 and 17744?
16
What is the greatest common divisor of 70 and 1080500?
10
What is the greatest common factor of 268092 and 264?
132
What is the highest common factor of 26019 and 54?
9
Calculate the highest common factor of 1679 and 1380.
23
Calculate the greatest common divisor of 2451 and 10191.
129
What is the highest common factor of 15478 and 16132?
218
Calculate the greatest common divisor of 968 and 33396.
484
Calculate the greatest common factor of 104160 and 66030.
930
What is the greatest common divisor of 3269749 and 7947?
883
Calculate the greatest common d